0 = 3*t - 11 + 2. What is the units digit of h(t)?
3
Let i(h) be the second derivative of h**3/6 + 9*h**2/2 - 11*h. What is the units digit of i(8)?
7
Suppose 3143 = 23*q - 238. What is the units digit of q?
7
Let a(w) = -w**3 + 12*w**2 + 3*w + 10. Let q be 4 + -1*(4 + -7). Suppose -3*f - 4*k + 52 = 0, 32 = q*f - 3*f - 4*k. What is the tens digit of a(f)?
4
Let j(o) = 1930*o**2 - 76*o + 75. What is the tens digit of j(1)?
2
Let u = -102 + 306. Suppose -158*v + 155*v + u = 0. What is the tens digit of v?
6
Suppose 0*h + 2*j = 4*h - 1670, h = -3*j + 400. What is the hundreds digit of h?
4
Let c be -4 - 44/((-16)/4) - -2. Suppose -c*l + 579 + 447 = 0. What is the hundreds digit of l?
1
What is the hundreds digit of (2/(-5))/(((-48)/5240)/6)?
2
Let w(b) = 19*b**2 + b - 14. Let i be w(-5). Suppose 0 = 2*v + 4*c - i, v - 4*c = -7*c + 223. What is the units digit of v?
8
Let f(m) = 0 + 5*m + 1 + 0 + 0. Suppose 10*q = 15*q - 20. What is the units digit of f(q)?
1
Let c(f) = f**3 + 11*f**2 + 10*f + 1. Let k be c(-10). Let h be (k/(-3))/(4/(-24)). Suppose -t = h*t - 48. What is the tens digit of t?
1
Suppose q = -4*d - 32, 4 = -q + d - 8. Let c = 60 - q. What is the tens digit of c?
7
Let o be -4 + -381*4/(-12). Suppose 5*g - o = y, 3*y - 69 = -3*g + 2*y. What is the units digit of g?
4
Let i be ((-24)/36 + -1 + 0)*-3. Suppose 477 = 3*b - k + i*k, 5*b - 772 = k. What is the tens digit of b?
5
Let k(r) = 6*r - 103. Let w(m) = 3*m - 52. Let f(l) = -6*k(l) + 11*w(l). What is the tens digit of f(-14)?
8
Let g = 8893 - 6130. What is the hundreds digit of g?
7
Let g be 4932/(-52) - (-2)/(-13). Suppose -9*z + 432 = -12*z. Let j = g - z. What is the units digit of j?
9
Let t(k) = 33*k**2 - k + 1. Let c(n) = -n**3 + 7*n**2 + 10*n - 15. Let q be c(8). What is the units digit of t(q)?
3
Let k(r) = -3*r + 25. Let w be k(7). What is the units digit of (84/18)/((w/(-114))/(-1))?
3
Let l(a) = 61*a - 56. What is the units digit of l(3)?
7
Let a be 8 - 6 - (0 - 0). Suppose -a*y = 3*p - 526, -358 = -4*y - 4*p + 690. What is the units digit of y?
0
Let a(b) = 24*b**2 + 2*b + 17. What is the units digit of a(4)?
9
Suppose 3*z - 13*z = -30. What is the tens digit of (-2)/z + (1 - (-544)/6)?
9
Let h(l) = -77*l - 137. What is the hundreds digit of h(-9)?
5
Let r(v) = 5*v**2 - 6*v - 3. Let t(a) = 6*a**2 - 6*a - 4. Let c(i) = 5*r(i) - 4*t(i). What is the units digit of c(6)?
1
What is the tens digit of -1*(-507 + 6/(-3))?
0
Let b be (-2228)/18 + (-24)/108. Let o = 108 - b. What is the tens digit of o?
3
Let r(y) = 2*y**2 - 2*y - 2. Let h be r(2). Suppose z - 4*s = -14, -2*s + 8 = z - h. Suppose -7*i + 125 = -z*i. What is the units digit of i?
5
Let o = -2962 - -6279. What is the hundreds digit of o?
3
Let j(v) = v**3 + 4*v**2 - 5*v - 4. Let h be (6/4)/(4/(-16)). Let w be 3/(-6) + 21/h. What is the units digit of j(w)?
6
Let i = 1084 + 1041. What is the hundreds digit of i?
1
Let g = 24 - 49. Let j = 37 + g. What is the tens digit of j?
1
What is the tens digit of (-5 - -4004) + -2 - -10?
0
Let v = -9 + 15. Let x be (-1 - v)*(-20)/14. What is the units digit of (x - 5)/(4 - 3)?
5
Let g be ((-4)/(-8))/((-2)/4) - -1. Suppose 2*s - 39 - 31 = g. What is the units digit of s?
5
Let g(f) = -10*f**3 - 14*f**2 - 11*f - 6. What is the units digit of g(-5)?
9
Let z = 246 - 214. What is the units digit of z?
2
Let m(a) = -1 + a**2 + 0*a**2 - 4. Let u be m(-5). Suppose -8 - u = -z. What is the units digit of z?
8
Suppose -865 - 1199 = -4*b. What is the hundreds digit of b?
5
Suppose 4*k - 23 = -3*q, 5*q - 35 = 2*k - 7*k. Suppose 5*g - b - 325 = 0, k = -b - 3. What is the tens digit of g?
6
Suppose 0 = -2*p + 427 + 355. What is the hundreds digit of p?
3
Suppose -8*v = -183 - 457. Let c = v - 30. What is the tens digit of c?
5
What is the units digit of (236/413)/((-4)/(-14)) - -937?
9
Suppose -5*r + 13270 = 3*t, 4 - 12 = -4*r. What is the units digit of t?
0
Let w(i) = -3*i**2 - 20*i + 15. Let s(v) = 9*v**2 + 60*v - 46. Let g(j) = 4*s(j) + 11*w(j). What is the hundreds digit of g(-12)?
1
Suppose -433 = 4*p - 3677. What is the hundreds digit of p?
8
Let c(u) = 0*u**3 + 15*u + 11*u**2 + 4*u**2 + u + 10 + u**3. Let s be c(-10). Suppose -4*m = m + 4*l - s, l = 0. What is the tens digit of m?
7
Let v = 112 + -110. Suppose -v*z + 2*t - t = -622, 3*z - 931 = t. What is the hundreds digit of z?
3
Suppose -149*y = -161*y + 17940. What is the hundreds digit of y?
4
Suppose -n = -3*n + 12. Let q(r) = -r**3 + 9*r**2 - 10*r - 2. What is the tens digit of q(n)?
4
Let f(m) = m**3 + 11*m**2 + 19*m + 12. Let j be f(-9). Suppose -j*s + 422 = -55. What is the tens digit of s?
5
Let r be (-1260)/27 - 10/(-6). Let c be (2/((-4)/154))/1. Let f = r - c. What is the units digit of f?
2
What is the units digit of 0 - (-6 + 2) - -59?
3
Let z(w) = 116*w**2 + 51*w - 196. What is the tens digit of z(4)?
6
Let h(o) = 545*o + 11. What is the hundreds digit of h(1)?
5
Let v be (38 + -28)*(-384)/(-10). Suppose -5*u - v = -9*u. What is the tens digit of u?
9
Let n = 22 + -19. Suppose 3 = f - 0*f + n*t, t - 21 = -2*f. What is the tens digit of f?
1
Suppose -4*h - h + 9344 = -m, 5*h + 4*m = 9349. What is the units digit of h?
9
Suppose 34 = -3*n - 26. Let m be n/(-28) + (-2)/(-7). What is the tens digit of 4*m/(-2) - -15?
1
Suppose 15 = 5*l, 2*n + 47*l = 43*l + 114. What is the tens digit of n?
5
Let c be 1/(-1*1/6). Let z be (0 + (-9)/c)*10. Suppose x + z = 2*b + 52, -4*x + 2*b = -124. What is the units digit of x?
9
What is the units digit of -4 + (-125)/(-35) - 416/(-7)?
9
Suppose 3*r - 12 = -0*r. Let v be (-2)/r + (-35)/(-10). Suppose v*w - 5*w = -20. What is the units digit of w?
0
Let f(v) = -v**2 + 48*v - 40. What is the units digit of f(19)?
1
Let x(d) = 26*d + 911. What is the units digit of x(11)?
7
Suppose 5*q - 38 = -5*l - 8, -l + 2*q = 6. Let w = -4 - -6. Suppose 3*d + 4*j - 19 = 26, w*j - 28 = -l*d. What is the units digit of d?
1
Suppose 4 = 3*s + 40. Let u = s + 13. What is the units digit of 9 + (u - -1) + 0?
1
Let n(g) = -g**3 - 20*g**2 - 41*g + 20. What is the tens digit of n(-19)?
3
Let a(m) = 3*m - 4. Let f be a(2). Suppose -d - w = -2*w - 58, d - f*w = 55. Let n = d + -22. What is the tens digit of n?
3
Suppose 4*z = 20, -z = i + 3*i + 319. Let p = i - 146. What is the units digit of p/(-4) - (-3)/12?
7
Suppose -6992 = 10*o - 29*o. What is the units digit of o?
8
What is the units digit of (-1746)/(-11) - 6/(-22)?
9
Let o be -10 + 1/(-2)*0. Let k = o - -12. What is the units digit of 55/k + 7/(-14)?
7
Let z = 0 - 5. Suppose -6*o = -2*o - 72. Let h = z + o. What is the units digit of h?
3
What is the units digit of (140/3 - 5)/(2/36)?
0
Let t = 7755 + -4260. What is the units digit of t?
5
Suppose 33 = 3*o + 4*t, -2*o - 50 = -7*o - 5*t. Let f be ((-4)/(-6))/(o/21). Suppose -2*p + 44 = f*p. What is the tens digit of p?
1
Let w(k) = k**3 + 2*k - 2 - 3 - 8*k**2 + 2*k**2 + 4*k. Let o be w(4). Let a = 28 - o. What is the tens digit of a?
4
Suppose -3*w = -0*w + 6, -4*m = w - 82. Suppose 0 = -4*l - 4*f + 160, -1 = 5*f - m. What is the units digit of l?
6
Let z = -16 + 20. Suppose 53 = -3*u + z*u. Let p = u - 29. What is the units digit of p?
4
Let k be (-4)/(-3 + 2) + -4. Suppose k = 2*j - 5*j + 180. What is the tens digit of j?
6
Suppose -2416 = -17*l + 2531. What is the hundreds digit of l?
2
Let j be 4 - (-4 + 2*-995*1). Suppose 0 = 8*n + 774 - j. What is the units digit of n?
3
Let n be 14/49 + (-2)/7. Suppose -260 = -2*g - n*g. Suppose 3*b + 2*b = g. What is the units digit of b?
6
Let v(b) = 91*b**2 - 12*b - 11. What is the tens digit of v(6)?
9
Let d = 887 + -825. What is the units digit of d?
2
Suppose 5*k - 1316 = 3*w - 6*w, -2*w - 1306 = -5*k. What is the hundreds digit of k?
2
Let k = -136 + 371. Suppose -4*f - k = -3*j, -3*f = -3*j + 2*f + 236. What is the units digit of j?
7
Let k(o) = -5*o - 37. Let g be k(-9). What is the units digit of g/((-40)/(-75)) - 2?
3
Suppose 305 - 11 = 3*b. Suppose i - b - 27 = 0. Suppose -i = -4*m - m - 4*s, -4*s - 50 = -2*m. What is the units digit of m?
5
Suppose 8*o = 20*o - 2940. What is the hundreds digit of o?
2
Let i = -302 + 817. What is the units digit of i?
5
Let c(j) = -j**2 - 7*j - 7. Let w be c(-5). What is the units digit of (180/25 + w)*(-15)/(-1)?
3